?
3, 43
Suppose -32*h = -25*h - 35. Suppose -4*r - 6 = 10, 3460 = h*z - 5*r. Let k = z + -475. List the prime factors of k.
3, 71
Suppose 0 = -2*y + 5*r + 9589, 6*y = 4*y - 2*r + 9610. Let a = y - 2779. Suppose -a = 32*v - 39*v. What are the prime factors of v?
17
Let y(j) be the first derivative of 5*j**2/2 + 567*j - 37. What are the prime factors of y(0)?
3, 7
Let o(z) = 11 - 2 - 4*z + 17. Let v be o(-8). Let r = v + -51. What are the prime factors of r?
7
Suppose 11*s - 12 = g + 7*s, g = -5*s + 24. What are the prime factors of g*(3645/6)/15?
2, 3
Let y(k) = -k + 1. Let d(t) = 4*t - 20. Let b(h) = d(h) + 5*y(h). Let m be b(-13). List the prime factors of -1 + (-6)/m - (-145 + 1).
2, 73
What are the prime factors of 29108 - (-51)/68*16/6 - 5?
5, 5821
Let k = -144 - -101. Let d = k - -69. Let n = 103 - d. What are the prime factors of n?
7, 11
Let n(y) be the first derivative of y**4/4 + 5*y**3/3 + 3*y**2 - 9*y - 294. List the prime factors of n(4).
3, 53
Suppose -37 = -2*c + 3*j, 5*c - 68 = 5*j + 22. Suppose 2*y + 200 = 2*s, y = -s - c + 115. What are the prime factors of s?
3, 11
Let h(x) be the second derivative of -x**5/20 + 25*x**4/12 + 9*x**3 + 17*x**2 + 3*x + 4. List the prime factors of h(27).
2, 17
Let n(f) = 27*f - 11*f - 429 + 2*f**3 + 3*f**3 - 5*f**2. Let q(w) = -w**3 + w**2 - 3*w + 86. Let d(x) = 2*n(x) + 11*q(x). List the prime factors of d(0).
2, 11
Suppose -5*h - 93 = -2*g + 6*g, 5*h - 61 = 3*g. Let t = -6 - g. Let m = t - -61. What are the prime factors of m?
7, 11
Suppose 0 = l + 4*g + 8, 0 = -4*l + g + 19. Suppose -m - 1487 = -l*w, -w - m + 24 + 354 = 0. List the prime factors of w.
373
Let w = -11393 - -16744. List the prime factors of w.
5351
Let w be (-5 + 6)*(-1 + -3). Let p(a) = a**2 + 4*a. Let k be p(w). Suppose -g = -3*g - 5*t + 174, -3*t = k. What are the prime factors of g?
3, 29
Suppose -2*w - 33010 = -4*o, -5*o + 4*w + 25067 = -16197. What are the prime factors of o?
2, 2063
Let w be (-1 + -13 - 1)/((-45)/30). Suppose w*l = 9*l + 222. Suppose -6*h = -4*h - l. What are the prime factors of h?
3, 37
Let r(u) = u**2 + u - 16. Let h be 37/(-7) + 3/(-42)*-4. Let d be r(h). Suppose 3*l = -d*o + 279, -3*o + 206 = -4*l + 3. List the prime factors of o.
3, 23
Suppose 0 = -118*n + 59*n + 208211. What are the prime factors of n?
3529
Suppose 7*t = 9*t + 2, -3*a - 4*t + 14 = 0. Suppose a*s = 16 + 2. List the prime factors of 57 + (5 - (s - -1)).
2, 29
What are the prime factors of (-6 - -28)/66 + ((-444328)/(-6))/4?
2, 9257
Let c = -453 + 685. Suppose 5*h - 208 - 82 = 5*s, c = 4*h - 3*s. Suppose 3*u = b - h, u + 2*u = 3*b - 186. What are the prime factors of b?
2
Let i = -27131 - -75349. What are the prime factors of i?
2, 24109
Let f = 12799 - 7250. What are the prime factors of f?
31, 179
Let t = -340 + 410. What are the prime factors of 31815/t*(-16)/(-6)?
2, 3, 101
List the prime factors of ((-184)/(-10))/(-5 - (-1026)/205).
2, 23, 41
Let m(c) be the first derivative of -35*c**2 + 26*c - 55. List the prime factors of m(-5).
2, 47
Suppose 24 = -5*k + 2*t, -5*t = 3*k - t + 4. Let s(x) = -6 - 3*x - 1 + 4 - 5*x. List the prime factors of s(k).
29
Suppose -3*l = -a - 5, -4*l - 2*a - 10 = -2*l. Suppose l = -4*u - 3*u + 5544. What are the prime factors of u/28 - 6/21?
2, 7
Suppose -10 = 2*f, 2*a + 2*f = 5*a + 1172. Let s = a - -879. List the prime factors of s.
5, 97
Suppose 184*j + 977748 - 258178 = 9764090. List the prime factors of j.
3, 5, 29, 113
Let n = 461 + 2050. What are the prime factors of n?
3, 31
Suppose -6*x - 9810 = -12*x. Suppose d + 159 - x = 0. What are the prime factors of d?
2, 3, 41
Suppose 3*t = 2*n + 841, -2*n - 283 = 9*t - 10*t. List the prime factors of t + (-24)/(-6) - -5.
2, 3
Suppose -10*f + 659 = -1051. List the prime factors of f.
3, 19
Suppose 139*j - 138*j + 58513 = 4*s, 4*s - 58506 = 2*j. List the prime factors of s.
2, 5, 7, 11, 19
List the prime factors of (2 + 5)/(5/26405) - -11.
2, 3, 6163
Let o(f) = 5*f**3 - 4*f**2 - 20*f + 25. What are the prime factors of o(12)?
47, 167
Suppose 0 = -19*i + 407005 - 51192. What are the prime factors of i?
61, 307
Suppose -4*m = -10*m - 24. Let b = m - -13. Suppose -b*u + 97 = -1469. List the prime factors of u.
2, 3, 29
Suppose 51*d + 172083 - 1018131 = 19*d. What are the prime factors of d?
3, 7, 1259
What are the prime factors of ((-82)/(-6))/(16/(24156 + -12))?
41, 503
Let r = -360 - -363. Suppose -3*f + d = -1274, r*f - 4*d + 8*d - 1294 = 0. List the prime factors of f.
2, 3, 71
Suppose -3*l = -88*k + 85*k + 38124, 4*k - 2*l = 50822. What are the prime factors of k?
12703
Let x(p) = -91*p + 150. Let f be x(-17). Let g = 2423 - f. List the prime factors of g.
2, 3, 11
Suppose 8*q - 33 - 23 = 0. Suppose 352 = q*z - 1559. List the prime factors of z.
3, 7, 13
Suppose 5*q - 13618 = -2*l, 7*l - 24216 = 3*q + 23570. What are the prime factors of l?
2, 853
Let v(m) = -6*m**2 + 2*m - 4. Let f(i) = 5*i**2 - 2*i + 4. Let l(x) = -6*f(x) - 7*v(x). What are the prime factors of l(-6)?
2, 7
Suppose -172*m + 173*m + 1005 = 0. Let w = -660 - m. List the prime factors of w.
3, 5, 23
Suppose 11455*v - 11462*v + 125559 = 0. List the prime factors of v.
3, 1993
Let j(r) = 2*r**2 + 45*r - 63. What are the prime factors of j(-28)?
5, 7
Let c = 1122 - 128. Let q = -571 + c. List the prime factors of q.
3, 47
Let q(t) = 12*t - 2. Let n be q(1). Let h be 246/(-5)*n/3. Let r = h + 280. What are the prime factors of r?
2, 29
Let k = -25210 - -36508. What are the prime factors of k?
2, 3, 7, 269
Let i(p) = -17 - p + 11 + 1. Let o be i(-6). List the prime factors of (-4)/o + (1 - -27).
2, 3
Suppose 7*x + 27*x + 55726 = 0. Let r = x + 2509. What are the prime factors of r?
2, 3, 5, 29
Suppose -4*b = -3*s + 155180, 4*s - 4*b - 166242 = 40674. What are the prime factors of s?
2, 29, 223
Let o(a) = -4*a**2 + 4*a - 8. Let u be o(2). Let x be (4/5)/(1/(280/u)). List the prime factors of 142 - ((-26)/x + (-4)/(-28)).
2, 5, 7
Let k = -4834 - -14833. List the prime factors of k.
3, 11, 101
Let c = -4875 + 6595. List the prime factors of c.
2, 5, 43
Let f(p) = p**3 + 22*p**2 - 53*p - 7. Let d be f(-24). Suppose -793 = -3*l + d. What are the prime factors of l?
2, 151
Suppose -4*j + 5 + 3 = 0. Let t(c) = -3*c + 6 + c**2 - 5*c**2 + 50*c**2 - 15*c**2 - 6*c**2. List the prime factors of t(j).
2, 5
Let b(m) = -36*m + 4. Let z be b(1). Let n = 35 + z. Suppose -5*p + 165 = t, 0 = -0*t - n*t - 2*p + 443. List the prime factors of t.
5, 29
Suppose d - 736152 = -14*d - 59*d. What are the prime factors of d?
2, 3, 829
Let b = -53412 + 88412. What are the prime factors of b?
2, 5, 7
Suppose 170 = -14*r + 548. Suppose 0 = -13*s + r*s - 7266. What are the prime factors of s?
3, 173
Let f(t) = 50*t**2 - 35*t + 43. List the prime factors of f(-6).
2053
Let x(g) = 20*g**3 - 51*g**2 - 17*g - 12. List the prime factors of x(14).
2, 3, 43, 173
Let q(h) = 3*h**2 + 18*h**2 + 26 - 3424*h + 3439*h. List the prime factors of q(-8).
2, 5
Suppose 30*w = -2*q + 32*w + 72596, -2*w + 108899 = 3*q. What are the prime factors of q?
36299
Let m be 2/(-1) + -1 + 6. Suppose 0 = -0*s - m*s + 3, 5*s + 567 = 4*n. Suppose 164 = n*z - 142*z. List the prime factors of z.
2, 41
Suppose -11*m + 21 = -1. Let j(y) = -8*y - 7 + 7*y**2 - 2*y**2 - 11 - y**m. What are the prime factors of j(-7)?
2, 3, 13
Suppose -5*h + 32 = -3*m + 252, -3*h - 128 = -m. Let a = h + 39. Let o = a + 4. What are the prime factors of o?
2
Let q(w) be the first derivative of 4*w**2 + 52*w + 16. Let n be q(-15). Let y = n + 98. What are the prime factors of y?
2, 3, 5
Let c = 19 - 17. Let z be 10/((-20)/(-5) - c). What are the prime factors of (-180)/z*115/(-20)?
3, 23
Let c = -70 + 72. Suppose 0*n = -2*n + 4*z + 48, -c*n + z + 45 = 0. Suppose -23*v = -n*v - 108. List the prime factors of v.
2, 3
Let t = -19915 + 34245. List the prime factors of t.
2, 5, 1433
Suppose -59*r + 24*r - 41601 = -182*r. List the prime factors of r.
283
Let v(n) = 191*n - 7. Let t(a) = 7*a - 88. Let i be t(13). List the prime factors of v(i).
2, 283
Let g = -6 + 5. Let i be 803/(-33)*(7 + g). Let t = 279 + i. List the prime factors of t.
7, 19
Let t = -702 + 717. Suppose t*o + 3*y = 14*o + 160, 5*y = -o + 164. List the prime factors of o.
2, 7, 11
What are the prime factors of -11